Let i be -6*2/3*2/g. Give c(i).
-13
Let w(y) = -2*y + 5. Let v(o) = -40*o + 203. Let g be v(5). Calculate w(g).
-1
Let o(h) be the first derivative of -10*h + 1/2*h**2 + 21. What is o(0)?
-10
Suppose -2 = l - 0. Let u(f) be the first derivative of -5/2*f**2 - 2*f - 1/3*f**3 - 5. Determine u(l).
4
Let v(s) = -s**2 - 2*s + 6. Let f = 371 - 367. Give v(f).
-18
Let c(h) = -h + 3. Let j be c(-4). Suppose -3*x - 16 = -j*x. Let u(s) be the first derivative of -s**3/3 + s**2/2 + 3*s + 1. Determine u(x).
-9
Let a(x) = -6*x. Let m(v) = 31*v. Let w(p) = 11*a(p) + 2*m(p). Let s(q) = -3*q + 3*q - 4*q + 2 - 3. Let g(b) = -2*s(b) + 3*w(b). Calculate g(2).
-6
Suppose -9*z + 24 + 21 = 0. Let r(u) = -u**2 + 4*u + 1. Calculate r(z).
-4
Suppose -8*c = c - 18. Let d(s) = s**2 - 3*s + 7. Let g be d(c). Let f(b) be the third derivative of -b**5/60 + b**4/6 + b**3/6 + b**2. What is f(g)?
-4
Let v(n) = -3 - 2*n - 3*n + n**2 + 3*n. Let y(q) = -q - 3. Let w(g) = -4*g - 9. Let r(a) = -4*w(a) + 11*y(a). Let i be r(0). Calculate v(i).
0
Let u(p) = -p**3 + p. Let c be 253/69 - 22/6. What is u(c)?
0
Let z(j) = -5 - j**3 - 3*j - 15*j**2 + 4 + 6*j + 19*j**2. Let y(w) = 4*w**3 - 17*w**2 - 13*w + 3. Let p(b) = 2*y(b) + 9*z(b). What is p(3)?
-9
Let x(a) = -9*a**2 - 21. Let k(l) = 16*l**2 - 2*l + 40. Let b(t) = 4*k(t) + 7*x(t). What is b(5)?
-2
Let a(h) = h**2 - 13*h. Let m be a(13). Suppose m = -x + 2*x - 3. Let o(q) = -q**3 + 4*q**2 - 2*q - 1. What is o(x)?
2
Let r(z) = -8*z**2 - 2*z - 1. Let w be r(-1). Let c(l) = 2*l + 5. Let a(o) = 2*o + 4. Let i(v) = -3*a(v) + 4*c(v). Determine i(w).
-6
Let m(p) be the first derivative of p**3/3 - p**2/2 - 7*p + 396. Give m(6).
23
Let g = 13 - 14. Let v(k) = 136*k - 7*k**3 + 8*k**3 + 11*k**3 - 1 - 138*k. Determine v(g).
-11
Let v(r) = r**3 + 16*r**2 + 12*r + 35. Let c be v(-15). Let q = 79 - c. Let f(x) = 23*x - 1. What is f(q)?
-24
Let p(k) = 10*k - 131. Let i(j) = -j + 20. Let o(v) = -6*i(v) - p(v). Give o(8).
-21
Suppose 0 = 50*m - 99*m - 49. Let i(a) = 3*a + 11. Calculate i(m).
8
Let t(h) = 16*h**3 - 22*h + 5. Let u(r) = 5*r**3 - 8*r + 2. Let d(f) = -3*t(f) + 8*u(f). Let o(z) = z + 1. Let y be o(-2). Give d(y).
7
Let w(x) = -x**2 + 1. Let b(t) be the first derivative of t**3 - 3*t**2 - 9*t - 6. Let g(f) = b(f) + 2*w(f). Give g(7).
0
Let z(n) be the third derivative of 13*n**4/24 + n**3/3 - 67*n**2. Give z(2).
28
Let l be 10/45 + 4/(-18) + 1. Let z(c) = -4*c**3 + c. Give z(l).
-3
Let p(d) = 31*d**3 - 59*d**3 + 17*d**2 - 19*d - 1 + 3*d + 27*d**3. Give p(16).
-1
Let b(x) = x**3 + x**2 + 3*x + 2. Let o(m) = -m**3 + 2*m**2 - 18*m + 62. Let a be o(3). Determine b(a).
-1
Let k(b) = -2*b**2 + 10*b + 3. Let l(h) = h**2 + 6*h + h - 1 - 8*h. Let q(j) = -k(j) - 3*l(j). Determine q(-5).
10
Let u(r) be the second derivative of -r**5/20 + r**4/2 - 5*r**3/6 + 21*r**2/2 + 254*r. Calculate u(6).
-9
Let b be -1 + (-8)/((-24)/27). Suppose -b = -2*s + p, -4*s + s + p = -12. Let u(z) = -z**3 + 5*z**2 - 6*z + 3. Calculate u(s).
-5
Let f(l) = 5*l**2 - 4*l**2 + 3*l + 7 - l**2 - l**2. Let z be 172/36 - (-2)/9. Determine f(z).
-3
Let h(n) = 3*n**2 + n - 1. Let d be h(-2). Let m be (6/d)/(5/75). Let l(g) = 2 + 18*g - 9*g - g**2 - m*g. Give l(-3).
-4
Let t(c) be the first derivative of c**4/4 + c**3/3 - 3*c**2/2 + 160. Let s be (-14)/(-8) - 4/(-16). Let x be (1/s)/((-1)/6). Calculate t(x).
-9
Let w(c) = 2*c**3 + c**2 - c - 1. Suppose 2*t - 6*h + 3*h = 0, -t = -4*h. Let r(y) = -y - 12. Let u be r(t). Let n = u + 11. Calculate w(n).
-1
Let b(u) = u**2 - 6*u + 2. Let n be (-5)/2*(2 - 4). Let k = 10 - 5. Suppose -k*c + 30 = n. What is b(c)?
-3
Let c be 49/14*130/(-35). Let f(w) = 7*w + 87. Determine f(c).
-4
Let q(b) = -11*b**2 - 18*b - 6. Let i(c) = 8*c**2 + 12*c + 4. Let z(w) = 7*i(w) + 5*q(w). Suppose -3*g = -g + 3*o - 16, -5*g + 15 = -5*o. What is z(g)?
-7
Let b(i) = 16*i**2 - i. Let t be b(1). Suppose 5*g + 0*x - t = -x, -g - 3*x = -17. Suppose -q - 5 = -g*q. Let z(a) = -a + 8. Give z(q).
3
Let m(z) = 2*z**2 + 8 - 7 - 6*z - 6 + 4. Calculate m(6).
35
Let o(r) be the second derivative of 3*r - 1/2*r**2 + 1/2*r**3 + 0 + 1/8*r**4. Let d(n) be the first derivative of o(n). Calculate d(-3).
-6
Let n(u) = 3*u**2 - 3*u + 1. Suppose -122*p - 26 = -135*p. Calculate n(p).
7
Let i = 10 - -6. Suppose -3*a + i - 1 = 0. Suppose 0 = -5*m + 10 - a. Let u(t) = -3*t**3 - 2*t + 1. Calculate u(m).
-4
Let i = -65 + 119. Let j = i - 55. Let h(o) be the second derivative of o**3/6 - o**2/2 - o. What is h(j)?
-2
Let p(f) = f**3 - 19*f + 45*f - 16*f - 12*f + 3 + 7*f**2. Determine p(-7).
17
Let h(y) be the second derivative of y**3/3 + 7*y**2/2 + 147*y - 2. Suppose -4*q = -8*q - 3*s - 31, 0 = -3*q + 5*s - 16. What is h(q)?
-7
Let c(l) be the second derivative of l**5/2 - l**4/12 + l**3/3 - l**2/2 - 427*l. Determine c(1).
10
Suppose 12 = 11*v - 8*v. Let p(z) = -2*z**2 - z + 1. What is p(v)?
-35
Let a(p) = 3*p - 8. Let x be (-1 + 5)/(-4) - -4. Suppose 3 = -2*d - x*k + 18, 0 = 3*d + 2*k - 25. Give a(d).
19
Suppose -83 = 20*k - 83. Let o(n) = n**3 - n**2 - n + 24. What is o(k)?
24
Let c = 5 + 27. Suppose 3*y + 4 = 2*y, -3*l + c = -5*y. Suppose 3 = 4*z - l*v - 5, 4*z + 5*v = 17. Let h(a) = a + 3. Give h(z).
6
Let w(b) = 59 - b - 20 + 0*b - 15. What is w(17)?
7
Let t(f) = 2*f**2 - 2. Let y(r) = r + 8 - 8 - 12. Let d be y(14). Determine t(d).
6
Suppose -u = -2*a - 0 + 4, 0 = -3*a + 9. Let n be 5 - (-2 - (-10)/u). Suppose 3*k - 4 = 7*k - n*g, 3*k = -2*g - 10. Let q(d) = -d**2 - d - 1. Determine q(k).
-3
Let c(w) be the third derivative of -w**5/60 + w**4/24 - w**3/6 - 139*w**2. What is c(1)?
-1
Let i(s) = s**2 - 4*s - 9. Suppose 5*a - 5 = 0, 0*z - 5*a = -2*z + 7. Give i(z).
3
Let t be (1 - 2)*(-45 - -1). Suppose 0 = 2*n - t - 30. Let d(s) = 2*s**2 - 24*s + n*s - s**2 - 17*s. Calculate d(5).
5
Let s = -17 - -23. Let t(p) = p + 1 - 2*p - p**2 + 2 - p**3 - s. Determine t(0).
-3
Suppose 5*r + 42 = 2*h, -13*h = -10*h - 5*r - 48. Let k(f) = -4*f**3 + 9*f**2 - 2*f - 2. Let i(p) = -p**3 + p**2 - 1. Let a(l) = -3*i(l) + k(l). What is a(h)?
-11
Let k be (-2 - (-1 - (0 + -2))) + 9. Let q(x) = -4*x + 18. Determine q(k).
-6
Let a(r) = -37*r**3 - 20*r**2 - 37*r + 35. Let k(o) = -13*o**3 - 7*o**2 - 13*o + 12. Let l(x) = 6*a(x) - 17*k(x). Calculate l(0).
6
Let v be (0 - -4) + 0 + -2. Let d(f) be the first derivative of f**2 - 2*f - 29. Calculate d(v).
2
Let k be (-96)/(-168) - (-38)/7. Let y(m) = -m + 6. Determine y(k).
0
Let b(l) = 5*l + 206. Let x be b(-40). Let w(u) = -3*u. Calculate w(x).
-18
Let a(u) = -4*u - 6. Suppose 0 = p - 2*p + 5*g - 9, 0 = -2*p + 3*g - 11. Determine a(p).
10
Let z(j) = -7*j**3 + 4*j**2 - j - 5. Let w(f) = f**3 + f**2 - 1. Let u(p) = -5*w(p) + z(p). Suppose -10 + 46 = -36*l. Calculate u(l).
12
Let j be ((-100)/80)/((-2)/80). Let h be (8/(-10))/(20/j). Let q(m) = -14*m - 1. What is q(h)?
27
Let g(b) = b**2 + b - 1. Let l(k) = -3*k**2 - 3*k + 3. Let i(s) = 4*g(s) + l(s). Suppose c + 2 = 3*c. Give i(c).
1
Let a(c) = c**2 + 2*c - 1. Let u(p) = 4*p - 2. Let x(m) = a(m) - u(m). Give x(3).
4
Suppose 4*z + 10 = 2*z. Let c(p) = 11*p - 5. Let f(i) = 5*i - 2. Suppose 3*x + 0*x = -5*y - 35, -3*y + 8 = -4*x. Let j(w) = y*c(w) + 9*f(w). Determine j(z).
-3
Let r(d) = d**3 + 7*d**2 - 11*d. Let l be (-1)/(-2) - 629/74. Calculate r(l).
24
Let m be (-8)/(0 + (0 - 1)). Let w(f) be the first derivative of f**4/4 - 3*f**3 + 3*f**2 + 3*f - 547. Determine w(m).
-13
Let m(g) = 11*g**2 + 3*g + 23. Let x(c) = -4*c**2 - c - 8. Let r(o) = 6*m(o) + 17*x(o). Suppose -12*v - 8 = -13*v. Suppose -8 = 4*s - v*s. Give r(s).
-4
Let c(o) be the second derivative of -1/6*o**3 + 0 - 7/2*o**2 + 16*o. Give c(-7).
0
Let f(c) = 4*c - 24. Let g = -26 + 29. Suppose -4*j + g*l + 36 = 0, 10*j - 5*j - 18 = -3*l. Let q be f(j). Let n(h) = -h**3 + h**2 - h + 4. Give n(q).
4
Let f(b) = -9*b**2 - 13*b - 6. Let o(y) = 5*y**2 + 7*y + 3. Let w(s) = -6*f(s) - 11*o(s). Determine w(0).
3
Let q(z) = -11*z - 2. Let s be 70/510*-21 + 4/(-34). Determine q(s).
31
Suppose 2*x - 4*q = -32, 3*x + x + 29 = q. Suppose 0 = 3*j - 6*j + 3. Let m(h) = -h - j + 3 - 6*h**2 - 9 + 2*h**3 - 3*h**3. Give m(x).
-1
Suppose -h = 2*h + 132. Let g be (-5)/4*h/11. Let f(k) = -k**3 + 5*k**2 - k + 5. What is f(g)?
0
Let x be (-141)/(-329) + (-184)/(-28). Let b(r) = 9*